at is 267 - 1c485?
-1c21d
In base 15, what is -b71 + 4766?
3ae5
In base 16, what is 16 + -3fd603?
-3fd5ed
In base 10, what is 125904 + 129?
126033
In base 12, what is -24569 - -940?
-23829
In base 10, what is 15527 + -2965?
12562
In base 10, what is 2 - 41874395?
-41874393
In base 4, what is 0 + 2020311010?
2020311010
In base 6, what is -1400 + 250134?
244334
In base 2, what is -10010010001000100010 + 101100?
-10010010000111110110
In base 4, what is 2322 + -20100011223?
-20100002301
In base 11, what is 223 - 152a10?
-152798
In base 6, what is 11552450545 - 0?
11552450545
In base 5, what is -101333 + 20442?
-30341
In base 16, what is -a4 - -4573?
44cf
In base 10, what is -174273 + -14?
-174287
In base 14, what is -ad1 - -2333?
1642
In base 9, what is 25635034 - -4?
25635038
In base 8, what is -3610 - -11316?
5506
In base 2, what is 11010100110 - -10010010111000010?
10010110001101000
In base 7, what is -5 + 151001313?
151001305
In base 2, what is -11010010011010000010 - -111011101?
-11010010010010100101
In base 8, what is 1 + -127421?
-127420
In base 16, what is -3 + -6ac2eec?
-6ac2eef
In base 15, what is -22 + 271176?
271154
In base 16, what is 0 - 60602d?
-60602d
In base 12, what is 289 + -2530b?
-25042
In base 16, what is 5079 - 1a37?
3642
In base 12, what is 18 - 8952ba?
-8952a2
In base 9, what is -11 - 1765580?
-1765601
In base 14, what is -1b8c2c8 - 0?
-1b8c2c8
In base 9, what is 486420 + -43?
486366
In base 8, what is 1502 + -27325?
-25623
In base 9, what is -135 - 134822?
-135057
In base 13, what is -4558566 - 0?
-4558566
In base 6, what is 4 - -1434550253?
1434550301
In base 3, what is 0 - -21121020210122?
21121020210122
In base 16, what is 12ad8 - 83?
12a55
In base 15, what is 45 + 963d37?
963d7c
In base 12, what is 2a8515 - 4?
2a8511
In base 4, what is 11311223231 - -103?
11311230000
In base 4, what is 31 + -203123301?
-203123210
In base 10, what is 9 - -791670?
791679
In base 14, what is -25c653 + -2?
-25c655
In base 4, what is 102 + 2032201001?
2032201103
In base 2, what is 10001 - -10011011100010101010011?
10011011100010101100100
In base 16, what is -1a - 6fcd7e?
-6fcd98
In base 9, what is 1160715768 - -3?
1160715772
In base 9, what is -253 + -338?
-602
In base 11, what is 68a09620 - -5?
68a09625
In base 15, what is 6478 - b8d?
57da
In base 9, what is 1537 - -43?
1581
In base 3, what is 101011110 - 101012010?
-200
In base 14, what is 1 - 32252d?
-32252c
In base 10, what is -257 + -9417?
-9674
In base 2, what is -111010110011000111 + 110100?
-111010110010010011
In base 2, what is 10001100110100101100000 + 100?
10001100110100101100100
In base 2, what is 100 + -1000000011100010001101?
-1000000011100010001001
In base 15, what is -53e583 - -9?
-53e579
In base 13, what is -5 - 5b028239?
-5b028241
In base 12, what is -5 + -4aa36237?
-4aa36240
In base 9, what is 422585 + 727?
423423
In base 13, what is b14ca33 - 0?
b14ca33
In base 5, what is 214 - 22403131?
-22402412
In base 15, what is -26bc - -3061?
894
In base 2, what is 111110110010 + 11110101100101?
100110100010111
In base 8, what is 40 - -131756?
132016
In base 11, what is -1279 + -1663?
-2931
In base 12, what is -16604 + 12?
-165b2
In base 11, what is -18101300 - -5?
-181012a6
In base 15, what is 6431 - -600d?
c43e
In base 4, what is -3221310221 - 1021?
-3221311302
In base 13, what is 1848c - -25?
184b4
In base 2, what is -11010010010001111111001111 - 0?
-11010010010001111111001111
In base 7, what is 3 - -3125253356?
3125253362
In base 10, what is 20951828 - -2?
20951830
In base 15, what is 3c85 + -3367?
91d
In base 4, what is 132211 + -2100222?
-1302011
In base 4, what is -2233121023 - -31?
-2233120332
In base 14, what is -14d + -a4135?
-a4284
In base 13, what is -2a932 - -91?
-2a871
In base 12, what is 16420 + 631?
16a51
In base 11, what is -a259 - 534?
-a792
In base 9, what is -148735 - -24?
-148711
In base 5, what is 11313122131 + -3?
11313122123
In base 2, what is -11101101010111110100100 + -11?
-11101101010111110100111
In base 4, what is -11012 + -323120?
-1000132
In base 8, what is -3575110 + 6?
-3575102
In base 5, what is 10322 + -42432?
-32110
In base 5, what is 111 - -21313001?
21313112
In base 15, what is 7 + -1be598?
-1be591
In base 6, what is 25430 - -2143?
32013
In base 12, what is -590759986 - 2?
-590759988
In base 13, what is 1464c2ac - 5?
1464c2a7
In base 14, what is 24c3c9 - -5?
24c3d0
In base 11, what is -2495393a - 9?
-24953948
In base 11, what is 1 + -179772946?
-179772945
In base 6, what is 2 - 135554035?
-135554033
In base 3, what is 222210000001020 + 1102?
222210000002122
In base 14, what is -13c282a - -91?
-13c2779
In base 5, what is -24324 - 11323041?
-11402420
In base 12, what is 183 - -793528?
7936ab
In base 12, what is -3434 - -3716?
2a2
In base 14, what is 7 - 10b54004?
-10b53ddb
In base 4, what is 10 + -31111203303?
-31111203233
In base 10, what is 81 - -247325?
247406
In base 14, what is 285 + -23aa1?
-2381a
In base 3, what is -22002110 - -221001?
-21011102
In base 3, what is -1012020020 + -112222?
-1012210012
In base 15, what is 29043022 + 3?
29043025
In base 9, what is -45036 + 216?
-44720
In base 5, what is 1310 - -11142100?
11143410
In base 11, what is -25 + -136796a?
-1367994
In base 15, what is 1 - -22b084?
22b085
In base 16, what is -168 + dedd?
dd75
In base 4, what is 210323102002031 + -3?
210323102002022
In base 15, what is 1ec + -662d?
-6431
In base 8, what is -1502 + -10550?
-12252
In base 6, what is 124534341 + -4?
124534333
In base 15, what is -1a - 42cd63?
-42cd7d
In base 3, what is -2200102 + -1010000120?
-1012200222
In base 4, what is 13110 - 201103?
-121333
In base 3, what is 1002212021 + -12202?
1002122112
In base 12, what is 231aa2 - -96?
231b78
In base 5, what is 1213 + -213333143?
-213331430
In base 6, what is 4013 - -4153521?
4201534
In base 7, what is -56442 - 15113?
-104555
In base 5, what is 3110340 - 130423?
2424412
In base 9, what is -21475 + 1304?
-20171
In base 9, what is -3 - -2544053?
2544050
In base 7, what is -250565 - 12411?
-263306
In base 11, what is 20a8 + -54848?
-52750
In base 2, what is 1111000010110011110111 - 101100?
1111000010110011001011
In base 4, what is 2020012033230 - -20?
2020012033310
In base 8, what is 511423 - 4200?
505223
In base 12, what is 4 - 309b1b6?
-309b1b2
In base 5, what is -23 + -32342012?
-32342040
In base 8, what is 5 + 11275603?
11275610
In base 5, what is -3 + -33444211210?
-33444211213
In base 16, what is e + 71208?
71216
In base 8, what is -47 - -1672235?
1672166
In base 3, what is 212 - -1021201101211201?
1021201101212120
In base 10, what is -261801 - 181?
-261982
In base 7, what is 20564040 - 3?
20564034
In base 16, what is b70 + 21e9?
2d59
In base 16, what is 1446e64 + a?
1446e6e
In base 4, what is 103232 - -3311211?
10021103
In base 6, what is 34350 - -2244003?
2322353
In base 3, what is -2110 + -1121222022011?
-1121222101121
In base 12, what is -41 - -6290?
624b
In base 6, what is 44 - -40130023?
40130111
In base 14, what is -8 - 2a408?
-2a412
In base 5, what is 12414100342 + 1?
12414100343
In base 8, what is 761 + -2740?
-1757
In base 10, what is 1040 + -226612?
-225572
In base 9, what is -855440 + -844?
-856384
In base 15, what is -45d9dc7e - 4?
-45d9dc83
In base 15, what is -142c94 + 9?
-142c8a
In base 2, what is -1100110001 + 1010100100101001?
1010010111111000
In base 7, what is 5 - -226103260?
226103265
In base 9, what is -4 + 45750327?
45750323
In base 14, what is -2084 - 1836?
-38ba
In base 5, what is -140202 + -4230214?
-4420421
In base 8, what is 65 + 2041776?
2042063
In base 14, what is -114d41 - 45d?
-1153a0
In base 15, what is -2edeb5 + 10?
-2edea5
In base 3, what is -112 - 2020110221211200?
-2020110221212012
In base 2, what is 1001001011111100100010 - 1100000?
1001001011111011000010
In base 4, what is -10 - -3130032101301?
3130032101231
In base 10, what is -11527 + 430?
-11097
In base 2, what is 111100 - 110011101010001100?
-110011101001010000
In base 10, what is 41215050 - 2?
41215048
In base 3, what is 211101010201 - -112211?
211101200112
In base 14, what is -909 - 30b29?
-31634
In base 5, what is -10 + -3423114424?
-3423114434
In base 5, what is 141 - -100232240?
100232431
In base 16, what is bc - 16912c?
-169070
In base 10, what is -98255 - 161?
-98416
In ba